44
Calculate the greatest common divisor of 3725 and 63725.
25
Calculate the highest common factor of 2583576 and 648.
648
What is the highest common divisor of 384 and 3138?
6
Calculate the greatest common divisor of 5365312 and 64.
64
Calculate the greatest common factor of 800 and 230600.
200
Calculate the highest common factor of 13363 and 1449.
161
What is the highest common divisor of 224 and 51716?
28
Calculate the greatest common divisor of 13345 and 850.
85
Calculate the greatest common divisor of 11440 and 2977.
13
What is the greatest common divisor of 305213 and 365?
73
What is the highest common divisor of 50775 and 30?
15
What is the greatest common divisor of 315 and 15540?
105
Calculate the highest common factor of 5173 and 598590.
739
Calculate the highest common divisor of 70431 and 33.
3
What is the greatest common divisor of 8128 and 198976?
64
Calculate the greatest common divisor of 5480069 and 357.
119
Calculate the greatest common factor of 2048 and 104128.
64
What is the greatest common factor of 3231 and 846?
9
What is the highest common factor of 42 and 259728?
42
Calculate the highest common divisor of 143 and 351.
13
What is the greatest common factor of 17 and 3814375?
17
What is the greatest common divisor of 3519 and 816?
51
What is the greatest common divisor of 128845 and 13140?
365
Calculate the highest common divisor of 3028 and 8.
4
What is the highest common divisor of 1402884 and 294?
42
What is the greatest common factor of 199108 and 364?
364
What is the highest common factor of 1595 and 220?
55
Calculate the highest common divisor of 3101 and 469.
7
Calculate the highest common divisor of 3389 and 1.
1
What is the greatest common divisor of 879 and 1334908?
293
What is the greatest common divisor of 219 and 21388197?
219
Calculate the greatest common divisor of 4180 and 146224.
76
Calculate the greatest common divisor of 1148333 and 68.
17
What is the highest common divisor of 12769 and 1243?
113
What is the greatest common factor of 59558 and 582?
194
What is the highest common factor of 341 and 429?
11
Calculate the highest common factor of 2286 and 10278.
18
Calculate the highest common divisor of 52287 and 138.
3
Calculate the highest common divisor of 9443 and 7011.
19
What is the greatest common factor of 138082 and 259?
7
What is the highest common divisor of 850 and 53261?
17
Calculate the greatest common factor of 92633 and 1564.
17
Calculate the highest common factor of 166683 and 264.
33
Calculate the highest common divisor of 112 and 51464.
56
What is the greatest common divisor of 66 and 40242?
6
What is the greatest common factor of 84 and 17241?
21
What is the highest common factor of 7405 and 5?
5
Calculate the highest common factor of 32308 and 591.
197
Calculate the highest common divisor of 11 and 126401.
11
What is the highest common factor of 144 and 24561?
9
What is the greatest common divisor of 1057 and 302?
151
Calculate the highest common factor of 67 and 157249.
67
What is the highest common divisor of 25731 and 1989?
9
What is the highest common divisor of 61428 and 24?
12
Calculate the greatest common factor of 45 and 43360.
5
What is the highest common divisor of 556 and 61021?
139
Calculate the greatest common factor of 6192 and 378.
18
Calculate the highest common factor of 11 and 3573581.
11
What is the greatest common factor of 86310 and 8190?
630
Calculate the greatest common divisor of 122472 and 411264.
1512
What is the highest common factor of 22029 and 21?
21
Calculate the greatest common factor of 15 and 3107295.
15
What is the greatest common divisor of 26 and 396266?
26
What is the greatest common divisor of 80 and 43776?
16
Calculate the greatest common divisor of 1287 and 299.
13
What is the highest common divisor of 2597 and 13328?
49
What is the highest common factor of 6496 and 4263?
203
What is the highest common factor of 1478346 and 6?
6
What is the highest common factor of 104 and 207428?
52
What is the greatest common divisor of 54 and 1290672?
18
Calculate the greatest common factor of 35377 and 1003.
17
What is the highest common divisor of 813 and 3452811?
813
Calculate the greatest common factor of 20905 and 7400.
185
Calculate the highest common divisor of 77 and 8074.
11
Calculate the highest common factor of 18771 and 9.
3
What is the greatest common factor of 129 and 122292?
129
What is the greatest common factor of 486555 and 3260?
815
Calculate the highest common factor of 59545 and 45.
5
What is the highest common divisor of 56181 and 1159?
61
Calculate the greatest common factor of 273 and 23660.
91
What is the greatest common factor of 24 and 1266?
6
Calculate the greatest common factor of 3459435 and 141.
141
Calculate the highest common divisor of 30891 and 2814.
21
Calculate the greatest common divisor of 42 and 3906.
42
What is the greatest common factor of 220 and 163295?
55
What is the greatest common factor of 525506 and 103?
103
What is the greatest common divisor of 48301 and 44?
11
What is the greatest common divisor of 98891 and 13?
13
What is the highest common factor of 270030 and 60?
30
Calculate the greatest common factor of 10403 and 3737.
101
Calculate the highest common factor of 1747734 and 456.
114
What is the highest common divisor of 212 and 755197?
53
What is the greatest common factor of 36 and 465216?
12
What is the highest common divisor of 2793461 and 44?
11
What is the greatest common factor of 19342 and 38?
38
What is the greatest common divisor of 10795 and 24565?
85
What is the highest common factor of 15834 and 624?
78
What is the highest common factor of 356 and 160?
4
What is the highest common divisor of 9724 and 330044?
572
Calculate the greatest common factor of 11858 and 4802.
98
What is the greatest common factor of 4326 and 24514?
1442
What is the highest common factor of 598932 and 3810?
762
What is the highest common divisor of 15825 and 12720?
15
Calculate the highest common factor of 4240 and 5353.
53
What is the highest common factor of 918964 and 248?
124
What is the highest common divisor of 24779 and 142?
71
What is the greatest common divisor of 56839 and 3616?
113
Calculate the highest common factor of 8541864 and 89.
89
What is the highest common factor of 9261 and 30527?
343
Calculate the greatest common divisor of 3170 and 10.
10
Calculate the greatest common divisor of 83364 and 36.
12
Calculate the highest common divisor of 119 and 43231.
17
Calculate the highest common factor of 9831 and 6441.
339
Calculate the highest common divisor of 224 and 15848.
56
Calculate the greatest common factor of 5044 and 208.
52
Calculate the highest common factor of 27 and 337257.
27
Calculate the highest common divisor of 432 and 122544.
144
Calculate the greatest common divisor of 45363 and 3.
3
What is the highest common divisor of 81313 and 2?
1
Calculate the highest common factor of 13271 and 943.
23
What is the greatest common divisor of 1015 and 350?
35
Calculate the highest common factor of 50 and 48170.
10
Calculate the greatest common divisor of 7170 and 20.
10
Calculate the greatest common factor of 5 and 199630.
5
Calculate the greatest common divisor of 1866 and 266216.
622
What is the greatest common factor of 120 and 1408500?
60
Calculate the highest common factor of 4343 and 3232.
101
Calculate the highest common factor of 21242571 and 1137.
1137
What is the highest common divisor of 20 and 3140?
20
Calculate the greatest common factor of 624351 and 651.
21
Calculate the highest common factor of 39 and 753.
3
Calculate the greatest common divisor of 30 and 13665.
15
What is the greatest common factor of 51543 and 996?
249
What is the greatest common divisor of 12 and 51096?
12
What is the greatest common divisor of 261 and 128151?
261
Calculate the highest common divisor of 1984417 and 722.
361
What is the highest common factor of 60651 and 828?
207
What is the highest common factor of 36038 and 59414?
974
Calculate the highest common divisor of 456 and 78888.
456
Calculate the greatest common divisor of 1593 and 711.
9
Calculate the greatest common divisor of 213 and 6748621.
71
What is the highest common factor of 900 and 2025?
225
What is the greatest common factor of 306 and 2